en y(g) is divided by 17.
15
Let o(r) = 0 - 5*r - 5 + 2*r. Let n(d) = d**3 - 16*d**2 - 17*d + 25. Calculate the remainder when n(17) is divided by o(-5).
5
Let c(a) = -13*a - 6. Suppose -l = 10 + 5. Let d(p) = -p**2 - 14*p + 9. Let k be d(l). Calculate the remainder when c(k) is divided by 25.
22
Let t be (6/4)/(72/192). Let w(b) = -2*b + 1. Let v be w(-3). Suppose t*m - 47 = -v. Calculate the remainder when 28 is divided by m.
8
Suppose -4*k + 2*w = -2*k - 4, -2*k = -w - 2. Suppose k = n + 2*n - 18. What is the remainder when n is divided by 4?
2
Let k(t) = 2*t**2 - 76*t + 17. Let w = -13 + 45. Calculate the remainder when w is divided by k(38).
15
Suppose -11*o + 28 = -5. Suppose -4*g = -51 + o. Calculate the remainder when g is divided by 19/3 - 6/(-9).
5
Calculate the remainder when 21350/20 + (-3)/6 is divided by 89.
88
Suppose -29*x - 25*x + 10152 = 0. What is the remainder when x is divided by 52?
32
Let m be (-114)/(-12) + (-2)/(-4). Suppose -a - m = -50. Suppose 2*k - 60 = -2*f, -6*f + 5*f - 3*k = -a. What is the remainder when 74 is divided by f?
24
Suppose 5*g - 85 - 420 = 0. Let i = -44 + g. What is the remainder when i is divided by 21?
15
Let s be 474/12 - -6 - 3/2. Suppose 0 = -4*v + 2*f - 0*f + s, 5*f = v - 2. Calculate the remainder when 21 is divided by v.
9
Let y = -2648 + 4073. What is the remainder when y is divided by 21?
18
Let a = 42 - 24. What is the remainder when (294/(-4))/3*-2 is divided by 4/a + (-453)/(-27)?
15
Suppose -25*r - 3 = -22*r. Let j be ((-12)/2)/(-1 + r). Calculate the remainder when 73 is divided by j - -18 - (-4 + 6).
16
Let o(h) = h**2 - 9*h - 7. Let y be o(10). Suppose v = 4*w - y, -w = 3*v - 2*w - 13. Let g = 26 - 8. Calculate the remainder when g is divided by v.
3
Suppose -5*f + 2*f - 356 = -5*t, -2*t = 5*f - 161. Suppose 77*v - 36 = t*v. Calculate the remainder when 42 is divided by v.
6
Let x = -105 + 180. Calculate the remainder when 211 is divided by x.
61
Let t(q) = 2*q**3 - 17*q**2 - 5*q - 8. Let y be t(9). Let f = -23 + -2. Let s = f + y. What is the remainder when s is divided by 2?
1
Suppose -5*f - 2*s + 39 = -77, 9 = 3*s. What is the remainder when 328 is divided by f?
20
Suppose -3*w - 15 = -6*w. Suppose 4*l = 4*f + 2*l - 30, -5*f + l + 33 = 0. Calculate the remainder when f is divided by w.
1
Let w = 985 + -662. Calculate the remainder when w is divided by 36.
35
Let g(n) = n**2 + 9*n - 3. Calculate the remainder when g(7) is divided by 42.
25
Let g(l) = -5*l + 107. What is the remainder when g(3) is divided by 5?
2
Let z(d) = -3*d + 40. Let p = -2 + 31. Let b = p + -29. Calculate the remainder when z(b) is divided by 11.
7
Suppose 5*u - 905 = 5*n, -2*u - 358 = -3*n + 5*n. Suppose 6*o - 30*o = 2232. Let q = o - n. What is the remainder when q is divided by 23?
18
Let t = 1863 - 1834. What is the remainder when 289 is divided by t?
28
Let n = 335 + -286. Calculate the remainder when n is divided by 26.
23
What is the remainder when 193 is divided by ((-4)/(-20))/((-5)/(-550))?
17
Suppose -28 = 59*t - 63*t. Calculate the remainder when 53 is divided by t.
4
Let z(j) = 40*j + 3. What is the remainder when z(7) is divided by (-24)/6 - (-57 - 4)?
55
Let g(d) = d - 6. Suppose -15 = -16*c + 15*c. What is the remainder when ((-1)/2 + 1)*34 is divided by g(c)?
8
Let v = 27 - 17. Suppose -y + 4*t - 53 = 0, 0 = -3*y + 3*t - 0*t - 150. Let c = y + 77. What is the remainder when c is divided by v?
8
Let a be (-2)/(-3) - ((-92)/(-12) + -1). What is the remainder when 31 is divided by 32/a*(-8)/(48/9)?
7
Let y(k) = 2 + 8*k - 6*k + 3*k + 4*k - k**2. Let o(s) = 18*s**3 - s. What is the remainder when o(1) is divided by y(8)?
7
Let g(f) = -2*f**2 - 2. Let l be g(2). Calculate the remainder when ((-5)/l)/(2/52) is divided by 4.
1
Let o(z) = 4*z - 188 + 194 - 5*z. What is the remainder when o(0) is divided by 4?
2
Suppose -118*c + 1862 = -104*c. Suppose -55 = -t + 2*n, -4*t - 93 + 263 = 2*n. Calculate the remainder when c is divided by t.
43
Let q = 12 + 1. Let x(b) = 60*b - 5. Let l be x(3). Suppose -4*j + 9*j - l = 0. Calculate the remainder when j is divided by q.
9
Suppose 0*s - 195 = -3*s. Calculate the remainder when s is divided by 35.
30
Suppose 5*r - 4*v - 14 = 2*r, -r - 3*v = 4. Suppose r*h + 0*h = 20. Calculate the remainder when (145 + 2)*(-2)/(-6) is divided by h.
9
Let i(d) = d**2 - 15. Let a = -5 + 0. Calculate the remainder when i(a) is divided by 3.
1
Suppose 0 = s - 5*x + 8, -16 = -11*s + 8*s + 5*x. What is the remainder when 87 is divided by s?
3
Let g = -65 + 96. Let l(v) = -v**2 + 4*v + 12. Let b be l(-5). What is the remainder when g is divided by (-50)/(-3) - (-22)/b?
15
Suppose 4*m + 5*f = 444, 3*m - 306 = 8*f - 5*f. What is the remainder when 316 is divided by m?
104
Suppose 75 = -5*w - d, 3*d + 33 = -4*w - 27. Let i = 29 + w. Let x(f) = -f**3 + 8*f**2 + 8. Calculate the remainder when i is divided by x(8).
6
Let b = 1130 - 1053. Calculate the remainder when b is divided by 8.
5
Let h = -95 + 69. Suppose -2*d - 2*t - t = 17, -5*t = -2*d + 7. Calculate the remainder when (-6)/d + (-715)/h is divided by 8.
5
Let o = 422 + -113. Calculate the remainder when o is divided by 39.
36
Suppose 0 = 7*y - 3*y - 3*c - 198, 5*y + 3*c = 261. Let s be (104/(-12))/((-4)/30). Suppose 9*n - s = 4*n. What is the remainder when y is divided by n?
12
Let v(g) = 3*g**2 - 12*g + 12. What is the remainder when 102 is divided by v(5)?
21
Calculate the remainder when 172 is divided by (42*1 - 85/(-17)) + -3.
40
Suppose 2*w + 4*u - 2 = 0, 0*w - 40 = -4*w + 4*u. Suppose 7*z - 102 = z. Calculate the remainder when z is divided by w.
3
Let i(n) = -n**3 - 44*n**2 - 54*n - 302. What is the remainder when i(-43) is divided by 4?
3
Suppose -11*y - 44 = -p - 14*y, 0 = -4*p - y + 110. Calculate the remainder when 772/5 + (-4)/10 is divided by p.
24
Let i = 2821 - 2566. What is the remainder when i is divided by 120?
15
Let a(v) = 27*v**2 + v + 2*v**2 + 15*v**2 - 1. What is the remainder when a(1) is divided by ((-3)/(-2))/((-3)/(-30))?
14
Let s = 918 - 890. What is the remainder when 153 is divided by s?
13
Let i(f) = -f**2 + 2*f - 3. Let k be i(-3). Let u = 65 + k. Suppose 2*l + 64 = 4*t + 8, 2*t = 4*l + 40. What is the remainder when u is divided by t?
11
Suppose -2*s + c + 42 = 2*s, -3*s = 4*c - 22. Let o = -51 + 54. Suppose 41 = o*h - 3*a - 52, 4*h = -3*a + 103. Calculate the remainder when h is divided by s.
8
Let f = -67 + 98. Calculate the remainder when f is divided by 16.
15
Suppose -3*l + 15 = -9. Suppose 36 + 20 = 4*v. Calculate the remainder when v is divided by l - (2 - (-2 + 1)).
4
Let m = 10 - 5. Suppose m*t - t = 96. Suppose -1 + 0 = -h + 3*u, 0 = 5*u - 20. What is the remainder when t is divided by h?
11
Let x(o) = -9*o + 2. Let t(j) = 45*j - 11. Let n(p) = 2*t(p) + 11*x(p). Suppose 53 = -6*l + 527. What is the remainder when l is divided by n(-3)?
25
What is the remainder when 174 is divided by ((-816)/(-120) - 6)/((-2)/(-230))?
82
Let h(n) = 2*n**2 - n - 6. Suppose -11*z + z = -60. Suppose -37 = -2*t - 5*f, t - 3*f - 18 = 6. Calculate the remainder when h(z) is divided by t.
18
Let f(d) = 3*d**2 + 12*d + 15. What is the remainder when 268 is divided by f(-4)?
13
Suppose 0*f - 4*f + 16 = 0. Suppose 4*h + 24*h = 308. Calculate the remainder when h is divided by f.
3
Let w = -2 - -6. Suppose 0 = w*x - 22 - 18. Calculate the remainder when x is divided by 5.
0
Suppose 0 = -2*s - 2*z - z + 14, -4*z = -2*s - 14. Let y = 5 - s. Calculate the remainder when 99 is divided by (-6)/y + (-477)/(-18).
24
Let t(b) = -b + 8. Let c = 72 + -66. Calculate the remainder when c is divided by t(4).
2
Let s(o) = -o**3 - o**2 + 3*o - 1. Let b be s(1). Suppose j + 4*j - 340 = b. Calculate the remainder when j is divided by 35.
33
Let w = 9 - 9. Suppose w = 6*y - 7 - 83. Let s = 70 - 28. Calculate the remainder when s is divided by y.
12
Calculate the remainder when 1821 is divided by 32/(-8) + 2 - -15 - 5.
5
Suppose -4*l - 5*j = l - 130, -3*l + 90 = -j. Calculate the remainder when 215/1*2/5 is divided by l.
28
Let c = 35 - 14. Suppose -9*g - 130 = 4*g. Calculate the remainder when (7 - 672/35)/(2/g) is divided by c.
19
Calculate the remainder when 16/36 - 9380/(-36) is divided by 61.
17
Let d(m) = m**2 + 9*m - 57